lculate the remainder when ((-52)/(-6))/(1/15) is divided by n(1).
31
Suppose o - 2*o = -3. Suppose -y + 10 = -o. Calculate the remainder when 38 is divided by y.
12
Let m(w) = -7*w - 48. Calculate the remainder when 87 is divided by m(-10).
21
Suppose 0 = -3*u - 4*k + 112, 2*u + 3*k - 27 - 49 = 0. What is the remainder when 61 is divided by u?
29
Let y(l) = -2*l - 13. Calculate the remainder when y(-10) is divided by (-52)/(-10) + 2/(-10).
2
Calculate the remainder when ((1 - -4) + -2)*(-25)/(-3) is divided by 9.
7
Suppose 0 = -2*d + 8*d - 174. What is the remainder when d is divided by 6?
5
Suppose -5*a + 218 = -4*g, 21 = 2*a + 3*g - 80. What is the remainder when a is divided by 13?
7
Let i(j) = -j**3 + 27*j**2 + 59*j - 15. Calculate the remainder when 22 is divided by i(29).
8
Let r = 1 - 4. Let j(q) = 27*q - 3. Let l be j(2). What is the remainder when 21 is divided by (2 + l/(-9))*r?
10
What is the remainder when 15/(-4 + 9) - -31 is divided by 12?
10
Let g = 11 - 6. Suppose -3*q + 2 + 17 = -g*b, -3*q = 2*b - 26. Let f(k) = 29*k**2. Calculate the remainder when f(-1) is divided by q.
5
Let p = -4 + -15. Let c be 1/5 + p/(-5). What is the remainder when c/22 + 168/44 is divided by 2?
0
Let n = 22 + -12. Suppose 5*x - d - 24 = 0, -4*d = 6 + n. What is the remainder when 13 is divided by x?
1
Let x = 1 + 3. What is the remainder when 5 is divided by x?
1
Suppose -4*v - 12 = -24. Calculate the remainder when 6 is divided by v.
0
Let j(d) = -11*d - 8. Let w(b) = 4*b + 3. Let a(o) = -3*j(o) - 8*w(o). What is the remainder when 11 is divided by a(4)?
3
Calculate the remainder when 5 is divided by ((-4)/2)/(7 - 8).
1
Calculate the remainder when 6/(2 + (-3 - -2)) is divided by 4.
2
Let w(f) = -f**3 - 5*f**2 + 3*f + 2. Suppose -3*t = -7*a + 2*a - 31, 4*t - a = 30. Calculate the remainder when w(-6) is divided by t.
6
Suppose -15*o + 21*o - 216 = 0. Calculate the remainder when o is divided by 14.
8
Let f(y) = -y**3 + 16*y**2 - 10*y - 11. Calculate the remainder when f(15) is divided by 22.
20
Let p(t) = t**2 + t + 56. Let k be p(0). Suppose 6*z - 2*z = k. Let w(y) = 6*y - 9. Calculate the remainder when w(6) is divided by z.
13
Suppose c - 6*c + 195 = 0. Let q = -12 + c. Calculate the remainder when 53 is divided by q.
26
Suppose 3*g = -4*k + 209, g + 4 = 3. Calculate the remainder when k is divided by 11.
9
Suppose 0 = -2*d - d + 6. Let w(t) = 12*t**2 - 4*t + 2. Calculate the remainder when w(d) is divided by 11.
9
Suppose -6*h = -2*h - 20. Suppose -v = -h*v + 8. Calculate the remainder when v is divided by 2.
0
Suppose -1 - 6 = -n. Let a(l) be the second derivative of l**4/12 - l**3 + 3*l**2 + 4*l. What is the remainder when 51 is divided by a(n)?
12
Let t(z) = -2*z**2 - 5*z - 4. Let l be t(-2). Calculate the remainder when 25 - ((-3)/1 - l) is divided by 14.
12
Let h be (2 - 0)*61/2. Suppose -4*k = -3*i + 128, -i + 2*k + 3*k + h = 0. Calculate the remainder when i is divided by 13.
10
Let w(s) = s. Let t(x) = -x + 1. Let j be t(-4). Let d(m) = -m**2 - 12*m + 2. Calculate the remainder when d(-11) is divided by w(j).
3
Suppose 32 = 4*l + 4. Let m(q) = -2*q - 1. Calculate the remainder when l is divided by m(-2).
1
Suppose 0 = 4*a + a - 120. Let b = 33 + -20. What is the remainder when a is divided by b?
11
Let c be (-2)/8 - (-17)/4. Suppose -5*r + 30 = c*o, -o + 0*o = -5. Calculate the remainder when 6 is divided by (-8 - -6)/((-1)/r).
2
Let h = -10 - -65. Let p(z) = 3*z + 4. Suppose -5*b - t + 19 + 8 = 0, 0 = -3*b + 5*t + 5. What is the remainder when h is divided by p(b)?
17
Suppose 0*t - 46 = -2*t. Let f = t - -8. What is the remainder when f is divided by 8?
7
Let x = 66 - 65. Let b be 2/(-9) + (-110)/(-9). Let c = b - x. Calculate the remainder when 20 is divided by c.
9
Let t = 5 - 9. Let o = -209 - -232. Calculate the remainder when o is divided by t/1*6/(-4).
5
Let j(d) = 4*d**2 - 4*d - 2. Calculate the remainder when j(-3) is divided by 16.
14
Let n = -112 - -135. Calculate the remainder when n is divided by 6.
5
Suppose -m = -g + 2*g - 3, -g + 1 = 0. What is the remainder when (-3)/(0 + 3/(-26)) is divided by (40 + m)*1/3?
12
Suppose 0*d = 5*v - 2*d - 10, -2*d + 30 = 5*v. What is the remainder when 5 is divided by v?
1
Let p = 88 - 9. Calculate the remainder when p is divided by 27.
25
Suppose 0 = 2*x + 60 + 2. Let n = -15 - x. What is the remainder when 31 is divided by n?
15
Suppose p - 7 = b + 2*b, 5*p - 90 = 4*b. What is the remainder when 42 is divided by p?
20
Let r = -1 - -4. Calculate the remainder when 1 is divided by 1*r/(6 + -3).
0
Let o(r) be the second derivative of r**4/4 - r**3/2 - r**2/2 - 4*r. Calculate the remainder when o(-4) is divided by 30.
29
Let h = 14 - 28. Calculate the remainder when ((-22)/4)/(19/(-76)) is divided by -1 - (-2)/((-4)/h).
4
Let x = -4 - -8. Suppose -4*y + 5*w = -55, 2*y + x*w = -0*y + 8. Let g(z) = 6*z + 9. Calculate the remainder when g(y) is divided by 18.
15
Suppose -5*w + 30 = -2*w. What is the remainder when w is divided by -1 + 0 - 5/(-1)?
2
Suppose -z = -0*z - 14. Suppose -70 = -5*t + 2*n + n, t = -5*n - z. What is the remainder when t is divided by 4?
3
Let p = 35 + -14. Calculate the remainder when p is divided by 6.
3
Suppose 41*o = 43*o - 54. What is the remainder when o is divided by 2*7 - (-4 - -3)?
12
Let o = -54 - -79. Let f = -7 - -14. What is the remainder when o is divided by f?
4
Suppose 12*t - 109 - 251 = 0. Calculate the remainder when 146 is divided by t.
26
Suppose 0 = -4*u + 2*u. Suppose -3*v = -5*v - 2. Calculate the remainder when -53*(v - (u + 0)) is divided by 18.
17
Let d(q) = 84*q + 1. Let j be d(4). Let x = j + -239. Suppose 3*a - 2*z = 2*z + x, -2 = z. Calculate the remainder when a is divided by 16.
14
Suppose 3*g = 2*g - 74. Let m = -52 - g. Suppose -3 = -5*n + m. Calculate the remainder when 14 is divided by n.
4
Calculate the remainder when 6/(21/(-6) - -2)*-4 is divided by 6.
4
Suppose g = 4*g - p - 14, -p = -g + 8. Suppose 0 = -0*b - g*b + 4*i + 52, 5*b = -4*i + 140. What is the remainder when b is divided by 9?
6
Let m be 3 - (-74 + -3)*1. Suppose 5*w - m = -g, -4*g = 4*w + 1 - 81. Calculate the remainder when 28 is divided by w.
13
Let q(u) = -14*u - 15. Calculate the remainder when q(-6) is divided by 12.
9
Suppose -3*r + 2*m - 62 = -3*m, -r - 10 = m. Let p = -2 - r. Let o(t) = -t + 4. Calculate the remainder when p is divided by o(-3).
5
Let o(a) = a**2 - 5*a + 9. Let q be o(6). Calculate the remainder when 28 is divided by (0 - q)/(6/(-6)).
13
Suppose 0 = x + 5*g + 1, -x = -g - 0*g - 5. Let m = x + -2. What is the remainder when -1*-4*1 + 0 is divided by m?
0
Let d(h) be the second derivative of -1/2*h**2 + 0 + 3/4*h**4 - 1/6*h**3 - 3*h. What is the remainder when 34 is divided by d(-1)?
7
Suppose 2*y + 3*g + 19 = -2*g, 0 = -5*y + 4*g + 35. Let i = -12 + 18. Calculate the remainder when i is divided by y.
0
Let u be 12/(-9)*(4 - -2). Let a be ((-12)/(-8))/((-6)/u). Suppose -14 = -a*x - 0*x. Calculate the remainder when 20 is divided by x.
6
Let v(m) = -m**2 + m + 5. Let l be v(0). Let k(z) = 5*z + 1. Suppose b - 4*s - 6 = 0, -2*b - 5*s + 80 = 3*b. What is the remainder when k(l) is divided by b?
12
Suppose 5*p - 7 - 13 = 0. Suppose i - p = -2*r + 3*i, -2*i + 2 = 0. Calculate the remainder when 4 is divided by r.
1
Suppose 2*f = 5 + 23. Suppose -3*w = 5*k - 221, -107 = -w - k + 6*k. Suppose 0 = -3*x + 5*x - w. What is the remainder when x is divided by f?
13
Let l(m) = -2*m**3 - 3*m**2 + 5*m + 3. Calculate the remainder when l(-4) is divided by 16.
15
Let a(k) = 5*k**2 + 4*k**3 + 4 - 3*k**3 + 3*k - 11*k. Calculate the remainder when 46 is divided by a(-6).
14
Let o(w) = -3*w - 2. Let k be o(-2). Let z be (-42)/(-11) - k/(-22). Let g(r) = 3*r**2 - r - 2. What is the remainder when g(z) is divided by 15?
12
Let a(b) = b**3 + 9*b**2 - b. Let y be a(-9). Suppose 3 = -2*z + y. Suppose -4*n + 6 = -26. What is the remainder when n is divided by z?
2
Calculate the remainder when (-5 - (-8)/4)*(-82)/3 is divided by 17.
14
Suppose 0 = k + k - 124. Let c = k - 35. Calculate the remainder when c is divided by 15.
12
Let s = 8 + -4. Let r(m) = 4*m. Let q be r(-6). What is the remainder when s is divided by 4/14 - q/14?
0
Let h(t) = 27*t + 1. What is the remai